9?
1c34
In base 8, what is -5 + 667635?
667630
In base 6, what is 13144 + -23?
13121
In base 4, what is -2322 - -2321132?
2312210
In base 3, what is -11121 - -2212210110?
2212121212
In base 12, what is 36 - 66a9?
-6673
In base 6, what is 50021 - -250?
50311
In base 7, what is 5 - -1365126?
1365134
In base 10, what is -5 + -28842?
-28847
In base 3, what is -20221211 - -11?
-20221200
In base 13, what is -370a95 + 1?
-370a94
In base 7, what is 141135 + -3?
141132
In base 7, what is 422233 - 2?
422231
In base 13, what is -312 - 9b5?
-cc7
In base 13, what is -14 + 50258?
50244
In base 6, what is -4 - 43022125?
-43022133
In base 15, what is 1 - 483d?
-483c
In base 8, what is -3155 + -1?
-3156
In base 3, what is 10120 - -200122012?
200202202
In base 13, what is -1 + 10984?
10983
In base 7, what is 1226654 + -1?
1226653
In base 9, what is -1602 + -83?
-1685
In base 2, what is -100 - -110010010?
110001110
In base 12, what is 1a - -2407?
2425
In base 14, what is -602 - c2?
-6c4
In base 2, what is 11 - 1001111010011100110?
-1001111010011100011
In base 5, what is 10 + 21341230?
21341240
In base 12, what is -156117 - -5?
-156112
In base 15, what is 410 - 18?
3e7
In base 10, what is 247 - -36?
283
In base 7, what is -1025 + -5060?
-6115
In base 15, what is -16514 - -4?
-16510
In base 4, what is -1030021332 + 12?
-1030021320
In base 12, what is -2 + 13779?
13777
In base 3, what is -202122110 - 122?
-202200002
In base 6, what is 30500 - -20?
30520
In base 15, what is -4 + -63ec?
-6401
In base 14, what is -6a - 12895?
-12921
In base 16, what is 6c - -790?
7fc
In base 3, what is -10111 + -1010111?
-1020222
In base 3, what is -1121201010220 + 20?
-1121201010200
In base 13, what is -30 + 646?
616
In base 14, what is -5 - 2b3d?
-2b44
In base 13, what is 222 - -43?
265
In base 16, what is -6c8 + 1?
-6c7
In base 11, what is 4 - -23a893?
23a897
In base 7, what is 1 + 116141?
116142
In base 11, what is 4660 - -5?
4665
In base 12, what is -11144 + -4?
-11148
In base 2, what is 0 - 11111100110110010?
-11111100110110010
In base 7, what is -35441 - -20?
-35421
In base 3, what is -212201 + -210?
-220111
In base 7, what is 0 - -54521?
54521
In base 15, what is -2 - -2d20?
2d1d
In base 11, what is 101 - 1977?
-1876
In base 9, what is -5 - 15178?
-15184
In base 13, what is -42b64 - -3?
-42b61
In base 14, what is -249 - 68?
-2b3
In base 15, what is 5 + -5513c?
-55137
In base 13, what is -11c29 - -1?
-11c28
In base 7, what is -103 + -61?
-164
In base 11, what is -257 + 220?
-37
In base 14, what is 4a - -631?
67b
In base 8, what is -2 - -21375?
21373
In base 11, what is 9 - 13916?
-13908
In base 7, what is 2214321 - 2?
2214316
In base 9, what is -11 - -10314?
10303
In base 9, what is -2 - -120520?
120517
In base 5, what is -1432001 - 4?
-1432010
In base 8, what is -104030 - 2?
-104032
In base 10, what is 1 - 70408?
-70407
In base 12, what is -3 + -25b68?
-25b6b
In base 14, what is 1 + -a4a6?
-a4a5
In base 13, what is 2 - -194a3?
194a5
In base 14, what is -20 + 2027a?
2025a
In base 16, what is 7420 + -17?
7409
In base 14, what is -11a01 - -12?
-119cd
In base 6, what is -1052 + -2103?
-3155
In base 14, what is 7a + 60d?
689
In base 7, what is -31511 - -56?
-31422
In base 15, what is ad044 + 3?
ad047
In base 11, what is -2a4 + 1a6?
-a9
In base 8, what is 250262 + 2?
250264
In base 13, what is -2bc1 - 1?
-2bc2
In base 9, what is -12 - 36054?
-36066
In base 16, what is 13f1 - -a7?
1498
In base 5, what is 221 - -121414?
122140
In base 2, what is -11 - -101110000001000?
101110000000101
In base 7, what is -120 - -146?
26
In base 4, what is -221202 + -13323?
-301131
In base 2, what is 11001101101011010100 - 101?
11001101101011001111
In base 6, what is -22 + 51255?
51233
In base 8, what is 0 + -2312075?
-2312075
In base 13, what is ba + 12145?
12232
In base 4, what is 313 + 201220?
202133
In base 14, what is -2c5821 + 4?
-2c581b
In base 10, what is 0 - 25252?
-25252
In base 5, what is -4 - -14443002?
14442443
In base 16, what is 1d + da7?
dc4
In base 14, what is -8 - -21860?
21856
In base 6, what is 1331 - 21513?
-20142
In base 7, what is 4 + 125240?
125244
In base 9, what is -27113 - 5?
-27118
In base 16, what is -74 - 1aec?
-1b60
In base 5, what is 121 + -331212?
-331041
In base 5, what is -11403 + -4030?
-20433
In base 9, what is 36 + -4601?
-4554
In base 14, what is 5851 + 3?
5854
In base 13, what is 4 + -418a?
-4186
In base 13, what is 1 - -1268c9?
1268ca
In base 3, what is -10211 + 11001221?
10221010
In base 6, what is -2 + 125141?
125135
In base 3, what is 10022101 - 21110?
10000221
In base 16, what is 3c - -529?
565
In base 4, what is -223 + 1002?
113
In base 5, what is 2402 + 212?
3114
In base 7, what is 130 + -40?
60
In base 10, what is 4 - -27573?
27577
In base 16, what is -2 + -473b?
-473d
In base 12, what is 5 - 13623?
-1361a
In base 13, what is 10a + c?
119
In base 12, what is 25 - 796?
-771
In base 7, what is -4043 - -613?
-3130
In base 11, what is -16289a - 1?
-1628a0
In base 2, what is -1010010 + 110100001?
101001111
In base 9, what is 14 + -874646?
-874632
In base 7, what is 604 - 36?
535
In base 12, what is 2233a3 - -1?
2233a4
In base 4, what is -120 + 3112?
2332
In base 7, what is -334 + 10621?
10254
In base 10, what is 2 + -7996?
-7994
In base 6, what is -1045125 - 4?
-1045133
In base 14, what is 9804 - -17?
981b
In base 5, what is 100040 - -30?
100120
In base 4, what is -220030 - -331?
-213033
In base 12, what is -20a - -27?
-1a3
In base 16, what is 0 + -aa0c?
-aa0c
In base 4, what is -13133310 - 20?
-13133330
In base 5, what is 4 - 422124?
-422120
In base 10, what is 97 + 11875?
11972
In base 16, what is -791c4 + 4?
-791c0
In base 5, what is 4 - -120214?
120223
In base 14, what is 17 - -86b?
884
In base 12, what is -1 - -8447?
8446
In base 16, what is -7d + -a9?
-126
In base 2, what is 10000110110100000100 + 0?
10000110110100000100
In base 12, what is 4b28b + 0?
4b28b
In base 8, what is 4671 - 23?
4646
In base 6, what is 514 - -344?
1302
In base 5, what is -1134322 + -32?
-1134404
In base 3, what is -1 - -111201101?
111201100
In base 14, what is -5 + 23dbb?
23db6
In base 6, what is -1042445 - 1?
-1042450
In base 4, what is 302331 - 3322?
233003
In base 13, what is 9c - 641?
-572
In base 13, what is 576aa + 0?
576aa
In base 4, what is 3222 - -1?
3223
In base 12, what is -4 - 323b8?
-32400
In base 8, what is -527171 + 4?
-527165
In base 2, what is -10100001101011 + 1100?
-10100001011111
In base 8, what is 16453 - -3?
16456
In base 2, what is 10000110111 - 1110010?
1111000101
In base 10, what is 4 + -26599?
-26595
In base 2, what is -10110111 - 110100001?
-1001011000
In base 8, what is -6246 + -523?
-6771
In base 7, what is 306 + -2246?
-1640
In base 5, what is -42133 - 11?
-42144
In base 2, what is -100100101111100 + -101?
-100100110000001
In base 15, what is e - 241ee?
-241e0
In base 6, what is 1 + -1242550?
-1242545
In base 15, what is -216 + -9?
-220
In base 15, what is 4c2e - 2?
4c2c
In base 13, what is 3 - -8b?
91
In base 13, what is 5 - -5058?
5060
In base 6, what is 4042 + -222?
3420
In base 13, what is b - -947?
955
In base 7, what is -141 - -3205?
3034
In base 13, what is -2a5 + b2a?
855
In base 6, what is 135 - 11234?
-11055
In base 9, what is 1070 + 0?
1070
In base 7, what is 114304 - 533?
113441
In base 5, what is 401442 + -124?
401313
In base 9, what is 13586 - -46?
13643
In base 11, what is -2 + -4382?
-4384
In base 3, what is 1020112 - 2201000?
-1110111
In base 9, what is -53351 - 77?
-53438
In base 16, what is c - -7b23?
7b2f
In base 15, what is -6 - -7429?
7423
In base 10, what is 0 - -169810?
169810
In base 2, what is -10000100 - 10000110?
-100001010
In base 13, what is 1 - cc641?
-cc640
In base 9, what is -66428 - -2?
-66426
In base 2, what is -101111100110000 - -111110?
-101111011110010
In base 9, what is -22804 + -7?
-22812
In base 14, what is 39923 - 0?
39923
In base 10, what is 5 - 11761?
-11756
In base 15, what is -4 + -88939?
-8893d
In base 13, what is -59 + 366?
30a
In base 13, what is -5395 + 158?
-523a
In base 15, what is 0 - 13222?
-13222
In base 4, what is -103230321 + 1023?
-103223232
In base 2, what is -110100 + -10111?
-1001011
In base 14, what is 1b + -35327?
-3530a
In base 2, what is -1110000100011100001 + -101?
-111000010001110